0a914 (base 11) to base 5.
-1241340013
35a4400 (base 11) to base 15
83d63b
49327 (base 12) to base 15
1e4c4
15140161 (base 7) to base 4
11133021103
Convert -10141011 (base 8) to base 12.
-876461
What is 814687 (base 14) in base 2?
10000100110110011111111
-2420644 (base 8) to base 5
-132221342
-81b5d (base 14) to base 11
-1a370a
Convert -1125243121 (base 6) to base 13.
-27b23c0
Convert -eda90 (base 15) to base 5.
-143130020
-132333312 (base 4) to base 8
-367766
Convert -7769166 (base 10) to base 12.
-2728066
8a669 (base 13) to base 12
1016b3
Convert -210213302233 (base 4) to base 3.
-200001201222001
Convert -80670 (base 9) to base 10.
-53037
121224143 (base 6) to base 8
10626277
Convert 123c61 (base 14) to base 8.
2305255
Convert -100001010110011011100 (base 2) to base 16.
-10acdc
What is -111021002112 (base 3) in base 9?
-437075
Convert -113123310 (base 4) to base 9.
-155603
Convert -7b253 (base 13) to base 14.
-5bb5a
Convert -4524544 (base 7) to base 2.
-10001000111110111010
2460790 (base 10) to base 2
1001011000110001110110
Convert 313743 (base 11) to base 3.
221112112211
Convert -72516 (base 14) to base 4.
-1003033020
2243104411 (base 5) to base 8
23210356
Convert -110033312 (base 5) to base 4.
-1303000222
Convert 3531242 (base 7) to base 12.
1953a8
What is 24b620 (base 13) in base 15?
126527
-86a252 (base 13) to base 15
-427790
Convert -18528a9 (base 14) to base 10.
-12031413
Convert -248548 (base 9) to base 6.
-3121155
What is -16509 (base 13) in base 4?
-22121211
Convert 1321741 (base 10) to base 3.
2111011002101
-112b (base 16) to base 7
-15546
61dbb (base 15) to base 7
2431310
What is 12311021021 (base 4) in base 12?
724235
What is -5686102 (base 10) in base 6?
-321512314
436661 (base 9) to base 10
260794
-2002201121 (base 3) to base 6
-515241
What is 1432531 (base 6) in base 3?
11011212101
Convert 4cc0c (base 13) to base 11.
981a0
What is 1125151241 (base 6) in base 11?
7102328
What is 100334045 (base 7) in base 15?
7a08a5
1100111001100010 (base 2) to base 6
1044334
232001313120 (base 4) to base 8
56016730
Convert 104513301 (base 6) to base 3.
10120220011001
What is 209503 (base 11) in base 15?
69279
220113612 (base 7) to base 9
26744166
What is -1022120 (base 7) in base 8?
-360500
What is 16526215 (base 7) in base 15?
2201e7
-132333243 (base 5) to base 9
-1227224
-21576a1 (base 11) to base 15
-4ec372
Convert 2550223 (base 6) to base 11.
95285
What is 17e35 (base 16) in base 4?
113320311
What is -2646302 (base 7) in base 3?
-122200022002
42365042 (base 8) to base 2
100010011110101000100010
747291 (base 11) to base 13
32b259
What is 13200656 (base 7) in base 6?
41535515
1220201120010 (base 3) to base 7
11440125
What is -135770 (base 10) in base 16?
-2125a
-1010011000100000 (base 2) to base 4
-22120200
What is -11e39 (base 15) in base 3?
-2220110200
5736c (base 13) to base 2
100110110000111101
961483 (base 12) to base 4
21001231203
Convert c579 (base 16) to base 8.
142571
What is -621043 (base 7) in base 11?
-72720
Convert 103155210 (base 6) to base 14.
35aa34
323302311 (base 4) to base 5
30314132
Convert 13301242 (base 5) to base 14.
37084
What is 1b4acab (base 13) in base 9?
18022415
Convert 30133010003 (base 4) to base 8.
14370403
What is 50321020 (base 6) in base 16?
15c1a4
What is -151476 (base 9) in base 8?
-265460
What is -1112230233 (base 4) in base 13?
-c583b
Convert -104250342 (base 6) to base 12.
-7709b2
Convert -78494 (base 12) to base 10.
-159664
-11000001001000011011 (base 2) to base 6
-24542203
What is 66439 (base 13) in base 5?
21412042
Convert -6351 (base 12) to base 8.
-25155
11b224 (base 14) to base 4
2110022000
-13003003 (base 5) to base 10
-125378
10110011001011100111010 (base 2) to base 4
112121130322
-185201 (base 10) to base 7
-1400642
Convert -1003332100210 (base 4) to base 14.
-251b976
Convert 134050163 (base 7) to base 16.
85072d
-214343214 (base 5) to base 3
-1202110110102
What is -76330 (base 13) in base 2?
-110100001010010111
Convert -1b937e (base 16) to base 7.
-21234615
-1546c (base 14) to base 16
-cf18
What is 4213313 (base 5) in base 14?
1b641
-1140320034 (base 5) to base 2
-1010001011000110001110
What is -518212 (base 11) in base 9?
-1505570
30bc1c (base 13) to base 16
116583
Convert 1144622 (base 7) to base 9.
241825
14141331 (base 5) to base 16
23c22
-4952367 (base 10) to base 5
-2231433432
Convert 210033 (base 6) to base 12.
9919
Convert 39e09 (base 16) to base 2.
111001111000001001
What is 11198e9 (base 15) in base 7?
205656531
What is 545442410 (base 6) in base 16?
955a46
What is -1362066 (base 7) in base 4?
-230232222
Convert -102033103 (base 4) to base 2.
-10010001111010011
242f35 (base 16) to base 7
26104435
What is 161083 (base 15) in base 11?
669408
Convert -11617543 (base 8) to base 9.
-4737051
Convert 2201122022 (base 3) to base 13.
1b587
-11220242 (base 5) to base 6
-2101030
-25452100 (base 6) to base 8
-3127344
What is cc9b2 (base 13) in base 12?
15a68a
Convert 1001000000011000001000 (base 2) to base 4.
21000120020
What is -200220010102 (base 3) in base 5?
-43400012
2021020031 (base 5) to base 15
558a96
Convert -1114300 (base 5) to base 13.
-9108
What is -255364 (base 9) in base 2?
-100101110011100001
What is -110220203202 (base 4) in base 14?
-a0b2ca
Convert -3300b1 (base 13) to base 9.
-2227616
11001111100100110 (base 2) to base 12
51606
What is 110000111100110100 (base 2) in base 4?
300330310
784433 (base 10) to base 15
107658
What is -71a798 (base 14) in base 12?
-1349802
Convert -11101110000000110100 (base 2) to base 8.
-3560064
-10021100001022 (base 3) to base 4
-12220133030
20220021112101 (base 3) to base 10
3666529
What is 1111011010101101101100 (base 2) in base 14?
772c44
Convert -572c3 (base 15) to base 14.
-73131
105025246 (base 7) to base 10
6359695
What is 283c57 (base 13) in base 7?
11220313
49cc2 (base 13) to base 8
412013
-365420 (base 8) to base 9
-211400
535003 (base 6) to base 11
2aa45
Convert 200233333000 (base 4) to base 10.
8585152
What is -367c06 (base 13) in base 6?
-43530454
What is 1c5c8 (base 16) in base 5?
12204133
What is 2aa3b7 (base 14) in base 13?
401394
-520bd (base 15) to base 8
-773725
What is 3033302232 (base 4) in base 8?
3176256
-69650 (base 13) to base 16
-2eeda
Convert -24d1a4 (base 14) to base 6.
-43041552
Convert 47100 (base 9) to base 4.
13223010
What is 111011110001101 (base 2) in base 5?
1434410
248688 (base 9) to base 15
2e9e5
Convert 64a98 (base 14) to base 13.
86b2b
What is 52a103b (base 12) in base 7?
246624050
What is -427707 (base 8) in base 9?
-237515
231514 (base 6) to base 11
13a02
What is -11000220120 (base 3) in base 9?
-130816
Convert -1344320030 (base 6) to base 10.
-16448850
What is 40330 (base 7) in base 13?
45a9
-1525416 (base 10) to base 5
-342303131
Convert -2c13d3 (base 15) to base 3.
-11000020111100
Convert -2010001200211 (base 3) to base 4.
-10102031200
What is -115906 (base 10) in base 11?
-7a09a
-847374 (base 12) to base 7
-23506156
Convert 101101110000011101010 (base 2) to base 8.
5560352
Convert -141320 (base 7) to base 2.
-110100100100011
What is 408a1a (base 11) in base 4?
2200023103
What is -124c2a (base 15) in base 16?
-d6141
-354042503 (base 6) to base 7
-110235135
What is 1032301031 (base 4) in base 6?
10525405
Convert 426962 (base 12) to base 16.
fffda
What is 20210312321 (base 4) in base 14?
427401
-98748 (base 12) to base 14
-5361a
Convert 2024400010 (base 5) to base 10.
4137505
12100121222 (base 3) to base 5
11333214
What is -16503964 (base 10) in base 5?
-13211111324
Convert -3677367 (base 9) to base 3.
-10202121102021
-7204a (base 16) to base 11
-299972
What is 2021010010 (base 3) in base 13?
17382
32033320 (base 4) to base 9
88044
What is 423110302 (base 5) in base 15?
24e437
What is 3eb33 (base 16) in base 12?
104757
What is -211040231 (base 5) in base 6?
-30450450
1132212311 (base 5) to base 3
11220221021102
What is -20156220 (base 7) in base 6?
-55544500
-52304041 (base 7) to base 12
-1585117
-23444463 (base 7) to base 6
-112314330
-22443142 (base 6) to base 15
-d9772
-312646 (base 7) to base 8
-151114
3d8911 (base 15) to base 9
5518547
5ba664 (base 14) to base 4
23332230300
104702 (base 14) to base 7
4451002
Convert 110000100101010100011 (base 2) to base 6.
54042123
Convert a70c (base 16) to base 2